 = -n. Let w(j) = -j**3 + 22*j**2 + 2*j + 12. Let b be w(22). Calculate the highest common factor of b and n.
7
Let z be 151 + 55/5 + -7. What is the greatest common factor of 31 and z?
31
Let n(y) = 1645*y - 8174. Let z be n(5). Suppose 0 = -5*a + a + 340. Calculate the greatest common factor of z and a.
17
Suppose 4*n = 5*t + 1374 - 450, n - 231 = 5*t. Calculate the greatest common divisor of 99 and n.
33
Suppose 5*y + k = y + 530, 5*y - 657 = -4*k. What is the highest common factor of 7 and y?
7
Let k = 526 + -500. What is the greatest common divisor of k and 65?
13
Let i = 13 + 3. Let b(v) = -v**2 + 22*v - 33. Let s be b(i). Let z(r) = 3*r - 5. Let q be z(4). What is the greatest common divisor of s and q?
7
Suppose -60*o - 2*m = -58*o - 90, -5*o = -4*m - 288. Let a = -30 + 43. What is the highest common factor of o and a?
13
Let w be (8/10)/((-26)/(-3185)). Suppose 2*j = 26 - 4. Let f = j - -3. What is the highest common divisor of w and f?
14
Suppose 8 = 3*c - 7. Suppose -3*v = 5*s - 3*s - 142, -234 = -c*v - 2*s. Let y = 53 - 30. What is the highest common factor of v and y?
23
Let t = 10 - 5. Let s(d) = -2*d - 2*d - 4 - t*d + 3*d**2 + 0*d. Let r be s(4). Calculate the greatest common divisor of r and 72.
8
Let b(p) = p**2 - 10*p + 26. Let y be (-2)/2 + (7 - -1). Let o be b(y). Calculate the highest common factor of 55 and o.
5
Let x(d) = 3*d**2 + 13*d - 20. Let c be x(3). Calculate the highest common factor of 46 and c.
46
Suppose -5*l - 85 - 110 = 0. Let o = l + 49. Calculate the greatest common divisor of 15 and o.
5
Let r(a) = 17*a + 7. Let f be 10/40 + 6/8. Let m be r(f). What is the highest common divisor of 32 and m?
8
Suppose -3*z - 6 = 0, 48 = 4*d + 2*z - 52. Suppose -9*l = -12*l - 411. Let y = 371 + l. Calculate the greatest common factor of y and d.
26
Let c = 44 + -20. Let d = 74 - 24. Suppose 4*l - d = 14. What is the highest common factor of c and l?
8
Let y = -45 - -122. Let u = 22 - 15. Calculate the greatest common factor of u and y.
7
Suppose -3*w - 2*w + 715 = 0. Suppose 8 = -2*g, -3*y + 5*g + w = -0*y. Let n = y - 23. Calculate the highest common divisor of n and 90.
18
Let y = 11 - 5. Let c be y - (-1 + -2 + 3). Let q be (-171)/c*6/(-9). Calculate the greatest common factor of q and 133.
19
Suppose 12*k = 9*k + 6, 0 = 4*r - 2*k - 2228. Calculate the highest common divisor of 18 and r.
18
Suppose 5*d + 290 = 10*d. Let i = d - 48. Calculate the greatest common divisor of i and 110.
10
Let g be (7/(-14))/(1/(-12)). Let q(p) = p**3 + p**2 + p + 6. Let n be q(0). Suppose -48 = -n*f + 2*f. Calculate the highest common divisor of g and f.
6
Suppose 5*j + 5*n - 190 = 0, -5*j + 6*j - n - 30 = 0. Calculate the highest common factor of 102 and j.
34
Let y = -3 - -6. Let h = y + -2. Let z(a) = -18*a + 545. Let v be z(30). Calculate the highest common factor of h and v.
1
Let y(f) = -92*f - 553. Let b be y(-6). Let j = -4 + 7. Let n be j/b*315/(-27). What is the greatest common factor of n and 14?
7
Suppose -201 = -2*f + 3*z, -555 = -8*f + 3*f - 3*z. Let h be ((-13)/(-3))/(3/f). What is the greatest common factor of 12 and h?
12
Let m(l) = -l**2 + 13*l - 10. Let z be m(9). Suppose 5*k = 10, -3*t + 313 = k + 77. Calculate the greatest common divisor of z and t.
26
Let d be (1 - 10) + 5 - 2. Let b be 624/30*(-15)/d. Calculate the highest common factor of 78 and b.
26
Suppose 3*a = 2*u + 20, 3*u - 2 = -14. Suppose 4*h + 16 = 0, 3*l - a*l - 4*h - 6 = 0. What is the greatest common divisor of l and 15?
5
Let g be (30 - 0)*280/50. Calculate the greatest common factor of g and 224.
56
Let b be 9/30*-8*-5. Let v = -297 + 453. Calculate the highest common divisor of b and v.
12
Suppose 0 = 8*g - 794 - 1406. Calculate the greatest common factor of 22 and g.
11
Let i = -173 - -461. Calculate the highest common divisor of i and 12.
12
Suppose 2*r + 13 = -3. Let t = r + 9. Suppose 0 = 2*n + n - 27. Calculate the greatest common factor of t and n.
1
Suppose 3*c + i = 14, 54 = 5*c - 2*i + 16. What is the greatest common factor of c and 44?
2
Suppose 0 = -4*w - 2*o + 210, w - 2*o - 35 = o. Calculate the greatest common divisor of w and 60.
10
Let j(s) = s**2 - 12*s + 36. Let h be j(7). Suppose 2*a - 10 = 0, -3*i - 8*a = -3*a - 76. What is the highest common factor of i and h?
1
Suppose 4*z = -6 - 6. Let a be z/(-1)*(-8)/(-8). Suppose -d - a*d + n = -207, -d - 2*n = -45. Calculate the greatest common factor of 17 and d.
17
Suppose -q - g = -5*q - 605, -4*q = 4*g + 580. Let k be (-1 - 80/(-2))*q/(-45). What is the greatest common factor of 13 and k?
13
Let o = 2308 - 1216. Calculate the greatest common divisor of 21 and o.
21
Let x(g) = -5*g**2 - 221*g - 28. Let d be x(-44). Let y = 3 + 0. Suppose 0 = -y*j + 2*f + 16, f = -4*j + 16 - 2. What is the highest common factor of d and j?
4
Let v be (-3)/((-30)/44)*5. Let q(a) = 4*a + 254. Let t be q(-3). Calculate the greatest common divisor of t and v.
22
Let q(b) = -b**3 + 12*b**2 + 31*b - 38. Let i be q(14). Calculate the highest common divisor of i and 224.
4
Let j be (-322)/(-4) + 0 + (-2)/(-4). Calculate the highest common factor of j and 36.
9
Suppose -7*f - 56 = -14*f. What is the greatest common divisor of f and 32?
8
Let c(f) = 17*f**2 + 2*f - 1. Let r = -14 - -11. Let o be 3 - (4 + (r - -1)). Let z be c(o). Calculate the highest common divisor of z and 9.
9
Let s(x) = x**2 + 8*x + 6. Let q be s(-3). Let y be 1/4*4 - q. What is the highest common factor of y and 80?
10
Let h = 958 - -1236. Let g = -1138 + h. Suppose -6*k = 306 - g. Calculate the greatest common factor of 50 and k.
25
Let j be ((-4 - -3) + -1 - -1) + 81. Calculate the highest common divisor of j and 112.
16
Let h(v) = -v**2 + 40*v + 409. Let o be h(46). Let g be 117/6 - 2/4. Calculate the highest common divisor of o and g.
19
Let h(b) = -b**2 - 26*b - 36. Let r be h(-22). What is the highest common divisor of r and 39?
13
Let n = -60 + 156. Let a be -2 - (3 + -8 + 3). Let t(v) = v**2 + 24. Let b be t(a). What is the greatest common factor of n and b?
24
Let i(q) = -q + 1. Let n(s) = -s**2 + 12*s - 9. Let x(y) = -5*i(y) - n(y). Let l be x(11). Calculate the greatest common factor of 72 and l.
24
Let q = -5 + 25. Suppose -4*y + k + 320 = 0, 2*k + 108 = y + 28. Calculate the greatest common factor of y and q.
20
Suppose -y = -4*p, -y + 5*p - 2 = 2. What is the highest common divisor of 800 and y?
16
Suppose 4*k + 298 = 4*y - 66, -2*y + 182 = 4*k. Let z be y + (1 - (2 - 0)). What is the greatest common divisor of 18 and z?
18
Suppose -f - 5*z = -8, 0 = 5*f - 21*z + 18*z - 124. Suppose -2*m - 80 = -4*r - 6*m, -5*r - 2*m + 109 = 0. Calculate the highest common factor of r and f.
23
Let l = 656 - 604. What is the greatest common factor of 13 and l?
13
Let d = -897 + 921. What is the greatest common factor of 18 and d?
6
Let x be (-7 - 3)*6/5. Let p(r) = 12*r + 1. Let c(l) = -30*l - 3. Let y(v) = x*p(v) - 5*c(v). Let d be y(2). Calculate the highest common divisor of d and 3.
3
Let f(y) = 131*y + 4. Let q be f(1). Calculate the greatest common divisor of 15 and q.
15
Let c = 21 + -15. Let y(g) = g**3 - 7*g**2 - 15*g - 12. Let q be y(9). Calculate the highest common factor of c and q.
3
Suppose 0 = 4*z - s - 1684, 4*z + 6*s - 1672 = 4*s. What is the highest common factor of 20 and z?
20
Let p = 50 + -84. Let i = -29 - p. Calculate the highest common factor of i and 20.
5
Let w = 2051 - 1987. Calculate the greatest common divisor of w and 152.
8
Suppose -4*i - 4*i = 0. Suppose i = -5*k + 31 + 14. Calculate the greatest common factor of 99 and k.
9
Let f = 212 + -184. What is the greatest common divisor of 84 and f?
28
Let h = 158 + -104. What is the greatest common divisor of 243 and h?
27
Let q = 106 - 160. Let g = 204 - 114. Let x = g + q. What is the highest common divisor of 9 and x?
9
Let q = -334 - 110. Let s be q/(-9) - (-6)/9. Suppose m + m - c - 22 = 0, 0 = -3*m + 4*c + 38. Calculate the greatest common factor of s and m.
10
Suppose -16*v + 17*v - 82 = 0. Suppose 30 = 2*l - n, 2*l = -3*l - n + v. Calculate the greatest common factor of l and 8.
8
Suppose -296 = -4*l - z - 109, -l = -4*z - 68. Let h be (-7)/(14/16)*-1. Let o = h + -2. Calculate the greatest common factor of o and l.
6
Suppose 5*w + 210 = p, p - 4*p - w = -58